{"id":50146,"date":"2021-09-08T15:31:14","date_gmt":"2021-09-08T15:31:14","guid":{"rendered":"https:\/\/uk607.directrouter.com\/~cyqhytou\/?page_id=50146"},"modified":"2021-09-14T18:11:20","modified_gmt":"2021-09-14T18:11:20","slug":"values","status":"publish","type":"page","link":"https:\/\/uk607.directrouter.com\/~cyqhytou\/spanish\/values","title":{"rendered":"VALORES"},"content":{"rendered":"<p>[vc_row][vc_column width=&#8221;1\/4&#8243;][vc_single_image image=&#8221;50147&#8243; img_size=&#8221;full&#8221;][\/vc_column][vc_column width=&#8221;3\/4&#8243;][vc_column_text]<span>Nuestros valores fundamentales son la confiabilidad, la innovaci\u00f3n, la calidad, la honestidad y la flexibilidad; al enfocarnos en estos valores clave, podemos ofrecer una gama diversa de productos y servicios innovadores a todos los clientes que ayudan a mejorar los resultados de los pacientes.<\/span><\/p>\n<p><span>Buscamos construir relaciones duraderas basadas en nuestra pol\u00edtica de mejora continua.\u00a0Adoptamos el compromiso de mantener relaciones exitosas a largo plazo con todos nuestros clientes y su experiencia con nuestra Compa\u00f1\u00eda es primordial para nuestro \u00e9xito corporativo.<\/span>[\/vc_column_text][\/vc_column][\/vc_row][vc_row][vc_column]<div id=\"ultimate-heading-442269fb8410ce5af\" class=\"uvc-heading ult-adjust-bottom-margin ultimate-heading-442269fb8410ce5af uvc-1912  uvc-heading-default-font-sizes\" data-hspacer=\"no_spacer\"  data-halign=\"left\" style=\"text-align:left\"><div class=\"uvc-heading-spacer no_spacer\" style=\"top\"><\/div><div class=\"uvc-main-heading ult-responsive\"  data-ultimate-target='.uvc-heading.ultimate-heading-442269fb8410ce5af h2'  data-responsive-json-new='{\"font-size\":\"\",\"line-height\":\"\"}' ><h2 style=\"--font-weight:theme;\">Welfare Medical sus soluciones quir\u00fargicas<\/h2><\/div><\/div>[\/vc_column][\/vc_row]<\/p>\n","protected":false},"excerpt":{"rendered":"<p>[vc_row][vc_column width=&#8221;1\/4&#8243;][vc_single_image image=&#8221;50147&#8243; img_size=&#8221;full&#8221;][\/vc_column][vc_column width=&#8221;3\/4&#8243;][vc_column_text]Nuestros valores fundamentales son la confiabilidad, la innovaci\u00f3n, la calidad, la honestidad y la flexibilidad; al enfocarnos en estos valores clave, podemos ofrecer una gama diversa de productos y servicios innovadores a todos los clientes que ayudan a mejorar los resultados de los pacientes. Buscamos construir relaciones duraderas basadas en nuestra&hellip;<\/p>\n","protected":false},"author":1,"featured_media":0,"parent":0,"menu_order":0,"comment_status":"closed","ping_status":"closed","template":"","meta":[],"class_list":["post-50146","page","type-page","status-publish","hentry","description-off"],"yoast_head":"<!-- This site is optimized with the Yoast SEO plugin v17.0 - https:\/\/yoast.com\/wordpress\/plugins\/seo\/ -->\n<title>VALORES - welfaremedical.com<\/title>\n<meta name=\"robots\" content=\"index, follow, max-snippet:-1, max-image-preview:large, max-video-preview:-1\" \/>\n<link rel=\"canonical\" href=\"https:\/\/uk607.directrouter.com\/~cyqhytou\/spanish\/values\" \/>\n<meta property=\"og:locale\" content=\"en_US\" \/>\n<meta property=\"og:type\" content=\"article\" \/>\n<meta property=\"og:title\" content=\"VALORES - welfaremedical.com\" \/>\n<meta property=\"og:description\" content=\"[vc_row][vc_column width=&#8221;1\/4&#8243;][vc_single_image image=&#8221;50147&#8243; img_size=&#8221;full&#8221;][\/vc_column][vc_column width=&#8221;3\/4&#8243;][vc_column_text]Nuestros valores fundamentales son la confiabilidad, la innovaci\u00f3n, la calidad, la honestidad y la flexibilidad; al enfocarnos en estos valores clave, podemos ofrecer una gama diversa de productos y servicios innovadores a todos los clientes que ayudan a mejorar los resultados de los pacientes. Buscamos construir relaciones duraderas basadas en nuestra&hellip;\" \/>\n<meta property=\"og:url\" content=\"https:\/\/uk607.directrouter.com\/~cyqhytou\/spanish\/values\" \/>\n<meta property=\"og:site_name\" content=\"welfaremedical.com\" \/>\n<meta property=\"article:modified_time\" content=\"2021-09-14T18:11:20+00:00\" \/>\n<meta name=\"twitter:card\" content=\"summary_large_image\" \/>\n<meta name=\"twitter:label1\" content=\"Est. reading time\" \/>\n\t<meta name=\"twitter:data1\" content=\"1 minute\" \/>\n<script type=\"application\/ld+json\" class=\"yoast-schema-graph\">{\"@context\":\"https:\/\/schema.org\",\"@graph\":[{\"@type\":\"WebSite\",\"@id\":\"https:\/\/uk607.directrouter.com\/~cyqhytou\/spanish\/#website\",\"url\":\"https:\/\/uk607.directrouter.com\/~cyqhytou\/spanish\/\",\"name\":\"welfaremedical.com\",\"description\":\"welfaremedical.com\",\"potentialAction\":[{\"@type\":\"SearchAction\",\"target\":{\"@type\":\"EntryPoint\",\"urlTemplate\":\"https:\/\/uk607.directrouter.com\/~cyqhytou\/spanish\/?s={search_term_string}\"},\"query-input\":\"required name=search_term_string\"}],\"inLanguage\":\"en-US\"},{\"@type\":\"WebPage\",\"@id\":\"https:\/\/uk607.directrouter.com\/~cyqhytou\/spanish\/values#webpage\",\"url\":\"https:\/\/uk607.directrouter.com\/~cyqhytou\/spanish\/values\",\"name\":\"VALORES - welfaremedical.com\",\"isPartOf\":{\"@id\":\"https:\/\/uk607.directrouter.com\/~cyqhytou\/spanish\/#website\"},\"datePublished\":\"2021-09-08T15:31:14+00:00\",\"dateModified\":\"2021-09-14T18:11:20+00:00\",\"breadcrumb\":{\"@id\":\"https:\/\/uk607.directrouter.com\/~cyqhytou\/spanish\/values#breadcrumb\"},\"inLanguage\":\"en-US\",\"potentialAction\":[{\"@type\":\"ReadAction\",\"target\":[\"https:\/\/uk607.directrouter.com\/~cyqhytou\/spanish\/values\"]}]},{\"@type\":\"BreadcrumbList\",\"@id\":\"https:\/\/uk607.directrouter.com\/~cyqhytou\/spanish\/values#breadcrumb\",\"itemListElement\":[{\"@type\":\"ListItem\",\"position\":1,\"name\":\"Home\",\"item\":\"https:\/\/uk607.directrouter.com\/~cyqhytou\/spanish\/\"},{\"@type\":\"ListItem\",\"position\":2,\"name\":\"VALORES\"}]}]}<\/script>\n<!-- \/ Yoast SEO plugin. -->","yoast_head_json":{"title":"VALORES - welfaremedical.com","robots":{"index":"index","follow":"follow","max-snippet":"max-snippet:-1","max-image-preview":"max-image-preview:large","max-video-preview":"max-video-preview:-1"},"canonical":"https:\/\/uk607.directrouter.com\/~cyqhytou\/spanish\/values","og_locale":"en_US","og_type":"article","og_title":"VALORES - welfaremedical.com","og_description":"[vc_row][vc_column width=&#8221;1\/4&#8243;][vc_single_image image=&#8221;50147&#8243; img_size=&#8221;full&#8221;][\/vc_column][vc_column width=&#8221;3\/4&#8243;][vc_column_text]Nuestros valores fundamentales son la confiabilidad, la innovaci\u00f3n, la calidad, la honestidad y la flexibilidad; al enfocarnos en estos valores clave, podemos ofrecer una gama diversa de productos y servicios innovadores a todos los clientes que ayudan a mejorar los resultados de los pacientes. Buscamos construir relaciones duraderas basadas en nuestra&hellip;","og_url":"https:\/\/uk607.directrouter.com\/~cyqhytou\/spanish\/values","og_site_name":"welfaremedical.com","article_modified_time":"2021-09-14T18:11:20+00:00","twitter_card":"summary_large_image","twitter_misc":{"Est. reading time":"1 minute"},"schema":{"@context":"https:\/\/schema.org","@graph":[{"@type":"WebSite","@id":"https:\/\/uk607.directrouter.com\/~cyqhytou\/spanish\/#website","url":"https:\/\/uk607.directrouter.com\/~cyqhytou\/spanish\/","name":"welfaremedical.com","description":"welfaremedical.com","potentialAction":[{"@type":"SearchAction","target":{"@type":"EntryPoint","urlTemplate":"https:\/\/uk607.directrouter.com\/~cyqhytou\/spanish\/?s={search_term_string}"},"query-input":"required name=search_term_string"}],"inLanguage":"en-US"},{"@type":"WebPage","@id":"https:\/\/uk607.directrouter.com\/~cyqhytou\/spanish\/values#webpage","url":"https:\/\/uk607.directrouter.com\/~cyqhytou\/spanish\/values","name":"VALORES - welfaremedical.com","isPartOf":{"@id":"https:\/\/uk607.directrouter.com\/~cyqhytou\/spanish\/#website"},"datePublished":"2021-09-08T15:31:14+00:00","dateModified":"2021-09-14T18:11:20+00:00","breadcrumb":{"@id":"https:\/\/uk607.directrouter.com\/~cyqhytou\/spanish\/values#breadcrumb"},"inLanguage":"en-US","potentialAction":[{"@type":"ReadAction","target":["https:\/\/uk607.directrouter.com\/~cyqhytou\/spanish\/values"]}]},{"@type":"BreadcrumbList","@id":"https:\/\/uk607.directrouter.com\/~cyqhytou\/spanish\/values#breadcrumb","itemListElement":[{"@type":"ListItem","position":1,"name":"Home","item":"https:\/\/uk607.directrouter.com\/~cyqhytou\/spanish\/"},{"@type":"ListItem","position":2,"name":"VALORES"}]}]}},"_links":{"self":[{"href":"https:\/\/uk607.directrouter.com\/~cyqhytou\/spanish\/wp-json\/wp\/v2\/pages\/50146","targetHints":{"allow":["GET"]}}],"collection":[{"href":"https:\/\/uk607.directrouter.com\/~cyqhytou\/spanish\/wp-json\/wp\/v2\/pages"}],"about":[{"href":"https:\/\/uk607.directrouter.com\/~cyqhytou\/spanish\/wp-json\/wp\/v2\/types\/page"}],"author":[{"embeddable":true,"href":"https:\/\/uk607.directrouter.com\/~cyqhytou\/spanish\/wp-json\/wp\/v2\/users\/1"}],"replies":[{"embeddable":true,"href":"https:\/\/uk607.directrouter.com\/~cyqhytou\/spanish\/wp-json\/wp\/v2\/comments?post=50146"}],"version-history":[{"count":4,"href":"https:\/\/uk607.directrouter.com\/~cyqhytou\/spanish\/wp-json\/wp\/v2\/pages\/50146\/revisions"}],"predecessor-version":[{"id":50668,"href":"https:\/\/uk607.directrouter.com\/~cyqhytou\/spanish\/wp-json\/wp\/v2\/pages\/50146\/revisions\/50668"}],"wp:attachment":[{"href":"https:\/\/uk607.directrouter.com\/~cyqhytou\/spanish\/wp-json\/wp\/v2\/media?parent=50146"}],"curies":[{"name":"wp","href":"https:\/\/api.w.org\/{rel}","templated":true}]}}